se 12?
0
Convert -7 (base 15) to base 4.
-13
-10 (base 3) to base 13
-3
What is -2 (base 11) in base 15?
-2
Convert -31 (base 8) to base 16.
-19
10212 (base 3) to base 4
1220
What is 0 (base 5) in base 7?
0
-5 (base 6) to base 11
-5
-6 (base 7) to base 11
-6
What is a2 (base 11) in base 9?
134
Convert -6 (base 7) to base 16.
-6
Convert -14 (base 5) to base 4.
-21
What is -11 (base 10) in base 9?
-12
What is -87 (base 16) in base 11?
-113
-3 (base 9) to base 3
-10
What is 3 (base 15) in base 10?
3
Convert -3 (base 15) to base 13.
-3
What is 20 (base 4) in base 12?
8
37 (base 15) to base 9
57
Convert -11 (base 4) to base 6.
-5
33 (base 13) to base 5
132
66 (base 14) to base 16
5a
-101010 (base 2) to base 5
-132
What is -1 (base 8) in base 16?
-1
Convert -2 (base 6) to base 7.
-2
11 (base 10) to base 15
b
21 (base 3) to base 14
7
Convert 111 (base 3) to base 7.
16
Convert -14 (base 16) to base 9.
-22
Convert 4 (base 15) to base 2.
100
-47 (base 16) to base 14
-51
Convert -111 (base 2) to base 8.
-7
What is 10 (base 6) in base 11?
6
What is -130 (base 9) in base 6?
-300
Convert -121 (base 4) to base 8.
-31
Convert -b (base 15) to base 3.
-102
-100 (base 2) to base 16
-4
-1 (base 6) to base 4
-1
Convert 19 (base 10) to base 5.
34
Convert 1 (base 7) to base 14.
1
19 (base 11) to base 4
110
Convert -70 (base 8) to base 10.
-56
What is 5 (base 15) in base 16?
5
Convert 20 (base 4) to base 5.
13
Convert 4 (base 13) to base 12.
4
What is 0 (base 3) in base 16?
0
Convert 195 (base 13) to base 2.
100100011
Convert 231 (base 5) to base 9.
73
Convert 102 (base 5) to base 8.
33
What is -3 (base 11) in base 4?
-3
10 (base 9) to base 10
9
111 (base 3) to base 6
21
10 (base 12) to base 14
c
Convert 11 (base 3) to base 4.
10
What is 4 (base 8) in base 14?
4
What is 46 (base 16) in base 2?
1000110
What is -110000 (base 2) in base 13?
-39
8 (base 10) to base 3
22
Convert 36 (base 13) to base 11.
41
-3 (base 8) to base 12
-3
-1 (base 16) to base 2
-1
-64 (base 12) to base 2
-1001100
165 (base 14) to base 9
346
Convert 2 (base 7) to base 14.
2
-5 (base 12) to base 6
-5
-7 (base 10) to base 4
-13
Convert 182 (base 9) to base 15.
a5
Convert 1 (base 2) to base 4.
1
Convert 4 (base 11) to base 14.
4
Convert 1d (base 15) to base 3.
1001
-2 (base 13) to base 11
-2
Convert -4 (base 10) to base 8.
-4
32 (base 5) to base 16
11
What is 1c (base 13) in base 15?
1a
What is -1102 (base 3) in base 10?
-38
0 (base 14) to base 7
0
What is 1011 (base 3) in base 9?
34
What is -133 (base 6) in base 7?
-111
-7 (base 13) to base 2
-111
What is -3 (base 7) in base 12?
-3
Convert 1000 (base 2) to base 5.
13
Convert -173 (base 13) to base 7.
-524
0 (base 7) to base 4
0
b (base 12) to base 2
1011
What is 2 (base 13) in base 11?
2
Convert 5 (base 6) to base 10.
5
What is -7e (base 15) in base 6?
-315
What is 1 (base 14) in base 12?
1
Convert 2 (base 7) to base 13.
2
What is 0 (base 8) in base 2?
0
Convert -9 (base 11) to base 14.
-9
Convert 2 (base 7) to base 11.
2
5 (base 15) to base 9
5
10 (base 10) to base 5
20
What is 101 (base 3) in base 16?
a
-6 (base 12) to base 13
-6
Convert 14 (base 11) to base 8.
17
15 (base 14) to base 9
21
Convert -3 (base 16) to base 4.
-3
-42 (base 13) to base 2
-110110
What is 8 (base 15) in base 9?
8
What is 21 (base 7) in base 9?
16
What is 15 (base 6) in base 11?
10
Convert -3 (base 7) to base 10.
-3
What is -1 (base 16) in base 12?
-1
-29 (base 10) to base 14
-21
What is 3 (base 7) in base 13?
3
What is -4 (base 11) in base 13?
-4
Convert -33 (base 4) to base 14.
-11
What is -5 (base 14) in base 6?
-5
What is -24 (base 12) in base 15?
-1d
What is -a (base 16) in base 15?
-a
What is -42 (base 14) in base 8?
-72
What is -11 (base 5) in base 16?
-6
-14 (base 6) to base 14
-a
What is -3 (base 12) in base 7?
-3
Convert -6 (base 8) to base 6.
-10
102 (base 4) to base 12
16
11 (base 10) to base 14
b
What is -22 (base 8) in base 2?
-10010
-140 (base 11) to base 15
-b0
Convert 71 (base 16) to base 15.
78
What is -7c (base 16) in base 7?
-235
12 (base 7) to base 8
11
Convert -189 (base 11) to base 4.
-3122
-68 (base 15) to base 3
-10122
11 (base 12) to base 8
15
What is -122 (base 4) in base 7?
-35
What is 6 (base 15) in base 7?
6
Convert 142 (base 6) to base 5.
222
-b2 (base 13) to base 14
-a5
Convert -31 (base 15) to base 14.
-34
What is -12 (base 14) in base 15?
-11
What is 101111010 (base 2) in base 14?
1d0
-98 (base 12) to base 3
-11022
-22 (base 3) to base 9
-8
Convert 1 (base 3) to base 6.
1
4 (base 5) to base 4
10
What is -1 (base 16) in base 8?
-1
0 (base 11) to base 13
0
What is 4 (base 10) in base 12?
4
Convert 101201 (base 3) to base 6.
1201
Convert -2 (base 7) to base 11.
-2
What is -100 (base 11) in base 10?
-121
-49 (base 11) to base 7
-104
What is 3 (base 11) in base 14?
3
Convert -22 (base 5) to base 4.
-30
8 (base 12) to base 7
11
1201 (base 4) to base 7
166
-10 (base 12) to base 15
-c
What is -101202 (base 3) in base 14?
-16a
Convert -2 (base 12) to base 8.
-2
What is -90 (base 10) in base 4?
-1122
What is d (base 15) in base 12?
11
What is -12 (base 3) in base 15?
-5
-10 (base 3) to base 8
-3
4 (base 7) to base 16
4
Convert 0 (base 16) to base 4.
0
What is 10 (base 8) in base 3?
22
11 (base 16) to base 15
12
Convert 104 (base 8) to base 14.
4c
What is 1 (base 4) in base 11?
1
Convert 11010010 (base 2) to base 15.
e0
Convert 3 (base 14) to base 7.
3
What is -16 (base 8) in base 10?
-14
0 (base 14) to base 12
0
Convert 33 (base 15) to base 11.
44
Convert 37 (base 10) to base 8.
45
Convert 3 (base 9) to base 10.
3
What is 7 (base 11) in base 6?
11
Convert a3 (base 11) to base 12.
95
Convert -11101 (base 3) to base 11.
-a8
1 (base 9) to base 2
1
Convert 2 (base 7) to base 14.
2
-1 (base 12) to base 16
-1
What is -4 (base 12) in base 6?
-4
Convert -a (base 15) to base 14.
-a
Convert a (base 14) to base 4.
22
-2a (base 11) to base 9
-35
What is 132 (base 7) in base 15?
4c
What is 2 (base 7) in base 15?
2
22 (base 3) to base 11
8
What is -1033 (base 4) in base 16?
-4f
What is -13 (base 8) in base 5?
-21
-13 (base 5) to base 6
-12
Convert 0 (base 7) to base 11.
0
Convert 20 (base 8) to base 4.
100
What is -1112 (base 3) in base 6?
-105
5 (base 7) to base 14
5
Convert -4 (base 7) to base 5.
-4
What is 119 (base 10) in base 6?
315
Convert 2 (base 6) to base 15.
2
Convert 2 (base 14) to base 10.
2
What is -4 (base 12) in base 11?
-4
What is 16 (base 7) in base 10?
13
What is -12010 (base 3) in base 5?
-1023
What is -118 (base 14) in base 8?
-332
-81 (base 10) to base 9
-100
What is -1000100 (base 2) in base 4?
-1010
11 (base 4) to base 16
5
Convert 1220 (base 3) to base 13.
3c
-23 (base 13) to base 16
-1d
What is 74 (base 10) in base 11?
68
What is -1 (base 10) in base 2?
-1
Convert 0 (base 4) to base 10.
0
-20001 (base 3) to base 7
-322
-254 (base 7) to base 5
-1022
Convert 1 (base 15) to base 16.
1
Convert 2 (base 8) to base 16.
2
-73 (base 15) to base 16
-6c
29 (base 12) to base 3
1020
Convert 103 (base 14) to base 5.
1244
What is -24 (base 8) in base 10?
-20
What is -3 (base 9) in base 2?
-11
What is 22 (base 6) in base 10?
14
What is -11 (base 4) in base 14?
-5
What is -1 (base 5) in base 10?
-1
Convert 4 (base 16) to base 14.
4
What is -20 (base 9) in base 12?
-16
Convert 1 (base 13) to base 9.
1
Convert 8 (base 9) to base 14.
8
0 (base 11) to base 10
0
-5 (base 16) to base 13
-5
-42 (base 12) to base 9
-55
-10 (base 4) to base 6
-4
What is 70 (base 16) in base 5?
422
What is -1001 (base 2) in base 3?
-100
What is 4 (base 8) in base 5?
4
What is -7 (base 9) in base 10?
-7
-110 (base 3) to base 2
-1100
What is 2 (base 13) in base 11?
2
210 (base 3) to base 14
17
Convert 1 (base 7) to base 13.
1
Convert -30 (base 5) to base 2.
-1111
2 (base 15) to base 13
2
What is 24 (base 5) in base 2?
1110
Convert 11010101 (base 2) to base 16.
d5
Convert -38 (base 12) to base 2.
-101100
-11 (base 6) to base 8
-7
13 (base 15) to base 8
22
-1 (base 4) to base 8
-1
What is 11 (base 3) in base 8?
4
What is -2 (base 10) in base 11?
-2
What is -20 (base 4) in base 14?
-8
11111110 (base 2) to base 6
1102
What is 30 (base 4) in base 13?
c
What is 4a (base 15) in base 9?
77
Convert -145 (base 15) to base 13.
-194
Convert 2 (base 10) to base 2.
10
What is -13 (base 6) in 